{"id":188,"date":"2023-02-07T09:07:10","date_gmt":"2023-02-07T09:07:10","guid":{"rendered":"https:\/\/breumadvokatfirma.dk\/?page_id=188"},"modified":"2023-02-10T08:13:42","modified_gmt":"2023-02-10T08:13:42","slug":"artikler","status":"publish","type":"page","link":"http:\/\/breumadvokatfirma.dk\/?page_id=188","title":{"rendered":"Artikler"},"content":{"rendered":"\n<div class=\"wp-block-file\"><object class=\"wp-block-file__embed\" data=\"https:\/\/breumadvokatfirma.dk\/wp-content\/uploads\/2023\/02\/Erstatning-paa-en-halv-million-kr.-for-urigtige-og-misvisende-oplysninger-Artikel-af-Poul-Breum-1.pdf\" type=\"application\/pdf\" style=\"width:100%;height:600px\" aria-label=\"Embed <strong&gt;Erstatning p\u00e5 en halv million kr. for urigtige og misvisende oplysninger<\/strong&gt;<br&gt;<strong&gt;(LinkedIn den 3. februar 2023)<\/strong&gt;.\"><\/object><a id=\"wp-block-file--media-bae341ad-0006-4800-818d-738fcd8f4fec\" href=\"https:\/\/breumadvokatfirma.dk\/wp-content\/uploads\/2023\/02\/Erstatning-paa-en-halv-million-kr.-for-urigtige-og-misvisende-oplysninger-Artikel-af-Poul-Breum-1.pdf\" target=\"_blank\" rel=\"noreferrer noopener\"><strong>Erstatning p\u00e5 en halv million kr. for urigtige og misvisende oplysninger<\/strong><br><strong>(LinkedIn den 3. februar 2023)<\/strong><\/a><\/div>\n\n\n\n<div class=\"wp-block-file\"><object class=\"wp-block-file__embed\" data=\"https:\/\/breumadvokatfirma.dk\/wp-content\/uploads\/2023\/02\/Artikel-Brandfarligt-typehus-kostede-saelgerne-245.000-kroner.pdf\" type=\"application\/pdf\" style=\"width:100%;height:600px\" aria-label=\"Embed <strong&gt;Brandfarligt typehus kostede s\u00e6lgerne 245.000 kr.<br&gt;(B\u00f8rsen den 5. maj 2018) <\/strong&gt;.\"><\/object><a id=\"wp-block-file--media-21cd4edc-76b4-4280-a003-9eb8c2b3e207\" href=\"https:\/\/breumadvokatfirma.dk\/wp-content\/uploads\/2023\/02\/Artikel-Brandfarligt-typehus-kostede-saelgerne-245.000-kroner.pdf\" target=\"_blank\" rel=\"noreferrer noopener\"><strong>Brandfarligt typehus kostede s\u00e6lgerne 245.000 kr.<br>(B\u00f8rsen den 5. maj 2018) <\/strong><\/a><\/div>\n\n\n\n<div class=\"wp-block-file\"><object class=\"wp-block-file__embed\" data=\"https:\/\/breumadvokatfirma.dk\/wp-content\/uploads\/2023\/02\/Artikel-Millionsmaek-til-byggeraadgiver-efter-fadaese-med-ubrugelig-vindspaerre.pdf\" type=\"application\/pdf\" style=\"width:100%;height:600px\" aria-label=\"Embed <strong&gt;Millionsm\u00e6k til bygger\u00e5dgiver efter fad\u00e6se med ubrugelig vindsp\u00e6rre<br&gt;(B\u00f8rsen den 20. januar 2018)<\/strong&gt;.\"><\/object><a id=\"wp-block-file--media-be733f10-dc10-42f6-b56a-c0b8ff017376\" href=\"https:\/\/breumadvokatfirma.dk\/wp-content\/uploads\/2023\/02\/Artikel-Millionsmaek-til-byggeraadgiver-efter-fadaese-med-ubrugelig-vindspaerre.pdf\" target=\"_blank\" rel=\"noreferrer noopener\"><strong>Millionsm\u00e6k til bygger\u00e5dgiver efter fad\u00e6se med ubrugelig vindsp\u00e6rre<br>(B\u00f8rsen den 20. januar 2018)<\/strong><\/a><\/div>\n\n\n\n<div class=\"wp-block-columns is-layout-flex wp-container-3\">\n<div class=\"wp-block-column is-layout-flow\" style=\"flex-basis:100%\">\n<div class=\"wp-block-group is-layout-constrained\"><div class=\"wp-block-group__inner-container\">\n<div class=\"wp-block-file\"><object class=\"wp-block-file__embed\" data=\"https:\/\/breumadvokatfirma.dk\/wp-content\/uploads\/2023\/02\/Artikel-Det-nye-droemmetag-blev-en-oekonomisk-bet-for-husejerpar.pdf\" type=\"application\/pdf\" style=\"width:100%;height:600px\" aria-label=\"Embed <strong&gt;Det nye dr\u00f8mmetag blev en \u00f8konomisk bet for husejerpar<br&gt;(B\u00f8rsen den 14. januar 2017)<\/strong&gt;.\"><\/object><a id=\"wp-block-file--media-c3234f12-c6bd-4efe-b0ea-855c41c2c196\" href=\"https:\/\/breumadvokatfirma.dk\/wp-content\/uploads\/2023\/02\/Artikel-Det-nye-droemmetag-blev-en-oekonomisk-bet-for-husejerpar.pdf\" target=\"_blank\" rel=\"noreferrer noopener\"><strong>Det nye dr\u00f8mmetag blev en \u00f8konomisk bet for husejerpar<br>(B\u00f8rsen den 14. januar 2017)<\/strong><\/a><\/div>\n<\/div><\/div>\n<\/div>\n<\/div>\n\n\n\n<div class=\"wp-block-file\"><object class=\"wp-block-file__embed\" data=\"https:\/\/breumadvokatfirma.dk\/wp-content\/uploads\/2023\/02\/Artikel-Andelsboligforening-haenger-paa-regning-for-ny-radiator.pdf\" type=\"application\/pdf\" style=\"width:100%;height:600px\" aria-label=\"Embed <strong&gt;Andelsboligforening h\u00e6nger p\u00e5 regning for ny radiator<\/strong&gt;<br&gt;<strong&gt;(B\u00f8rsen den 22. oktober 2016) <\/strong&gt;.\"><\/object><a id=\"wp-block-file--media-7f903867-15fb-4eda-bfca-1c8218305683\" href=\"https:\/\/breumadvokatfirma.dk\/wp-content\/uploads\/2023\/02\/Artikel-Andelsboligforening-haenger-paa-regning-for-ny-radiator.pdf\" target=\"_blank\" rel=\"noreferrer noopener\"><strong>Andelsboligforening h\u00e6nger p\u00e5 regning for ny radiator<\/strong><br><strong>(B\u00f8rsen den 22. oktober 2016) <\/strong><\/a><\/div>\n\n\n\n<div class=\"wp-block-file\"><object class=\"wp-block-file__embed\" data=\"https:\/\/breumadvokatfirma.dk\/wp-content\/uploads\/2023\/02\/Artikel-Husejer-kan-aande-lettet-op-efter-alvorlig-faldulykke.pdf\" type=\"application\/pdf\" style=\"width:100%;height:600px\" aria-label=\"Embed <strong&gt;Husejer kan \u00e5nde lettet op efter alvorlig faldulykke<br&gt;(B\u00f8rsen den 16. juli 2016)<\/strong&gt;.\"><\/object><a id=\"wp-block-file--media-5f88ae3a-6eb0-426a-baaa-ec1fa7998047\" href=\"https:\/\/breumadvokatfirma.dk\/wp-content\/uploads\/2023\/02\/Artikel-Husejer-kan-aande-lettet-op-efter-alvorlig-faldulykke.pdf\" target=\"_blank\" rel=\"noreferrer noopener\"><strong>Husejer kan \u00e5nde lettet op efter alvorlig faldulykke<br>(B\u00f8rsen den 16. juli 2016)<\/strong><\/a><\/div>\n\n\n\n<div class=\"wp-block-file\"><object class=\"wp-block-file__embed\" data=\"https:\/\/breumadvokatfirma.dk\/wp-content\/uploads\/2023\/02\/Artikel-Oversvoemmet-boligejer-gik-hele-vejen-til-Hoejesteret-og-vandt.pdf\" type=\"application\/pdf\" style=\"width:100%;height:600px\" aria-label=\"Embed <strong&gt;Oversv\u00f8mmet boligejer gik hele vejen til H\u00f8jesteret - og vandt<br&gt;(B\u00f8rsen den 30. april 2016)<\/strong&gt;.\"><\/object><a id=\"wp-block-file--media-dc490e8d-a567-4951-937a-4d3c9aaf781b\" href=\"https:\/\/breumadvokatfirma.dk\/wp-content\/uploads\/2023\/02\/Artikel-Oversvoemmet-boligejer-gik-hele-vejen-til-Hoejesteret-og-vandt.pdf\" target=\"_blank\" rel=\"noreferrer noopener\"><strong>Oversv\u00f8mmet boligejer gik hele vejen til H\u00f8jesteret &#8211; og vandt<br>(B\u00f8rsen den 30. april 2016)<\/strong><\/a><\/div>\n\n\n\n<div class=\"wp-block-file\"><object class=\"wp-block-file__embed\" data=\"https:\/\/breumadvokatfirma.dk\/wp-content\/uploads\/2023\/02\/Artikel-Dyrt-at-sjuske-med-vedligeholdelsen.pdf\" type=\"application\/pdf\" style=\"width:100%;height:600px\" aria-label=\"Embed <strong&gt;Dyrt at sjuske med vedligeholdelsen<br&gt;(B\u00f8rsen den 23. januar 2016)<\/strong&gt;.\"><\/object><a id=\"wp-block-file--media-3b93bf1b-9374-4fb5-bc0f-f268bd58f9d1\" href=\"https:\/\/breumadvokatfirma.dk\/wp-content\/uploads\/2023\/02\/Artikel-Dyrt-at-sjuske-med-vedligeholdelsen.pdf\" target=\"_blank\" rel=\"noreferrer noopener\"><strong>Dyrt at sjuske med vedligeholdelsen<br>(B\u00f8rsen den 23. januar 2016)<\/strong><\/a><\/div>\n","protected":false},"excerpt":{"rendered":"","protected":false},"author":1,"featured_media":0,"parent":0,"menu_order":0,"comment_status":"closed","ping_status":"closed","template":"","meta":[],"_links":{"self":[{"href":"http:\/\/breumadvokatfirma.dk\/index.php?rest_route=\/wp\/v2\/pages\/188"}],"collection":[{"href":"http:\/\/breumadvokatfirma.dk\/index.php?rest_route=\/wp\/v2\/pages"}],"about":[{"href":"http:\/\/breumadvokatfirma.dk\/index.php?rest_route=\/wp\/v2\/types\/page"}],"author":[{"embeddable":true,"href":"http:\/\/breumadvokatfirma.dk\/index.php?rest_route=\/wp\/v2\/users\/1"}],"replies":[{"embeddable":true,"href":"http:\/\/breumadvokatfirma.dk\/index.php?rest_route=%2Fwp%2Fv2%2Fcomments&post=188"}],"version-history":[{"count":31,"href":"http:\/\/breumadvokatfirma.dk\/index.php?rest_route=\/wp\/v2\/pages\/188\/revisions"}],"predecessor-version":[{"id":250,"href":"http:\/\/breumadvokatfirma.dk\/index.php?rest_route=\/wp\/v2\/pages\/188\/revisions\/250"}],"wp:attachment":[{"href":"http:\/\/breumadvokatfirma.dk\/index.php?rest_route=%2Fwp%2Fv2%2Fmedia&parent=188"}],"curies":[{"name":"wp","href":"https:\/\/api.w.org\/{rel}","templated":true}]}}